 highest common factor of 5933 and 34?
17
What is the highest common factor of 266 and 272517?
133
What is the highest common divisor of 65871 and 117?
117
What is the greatest common factor of 204 and 350292?
12
Calculate the greatest common divisor of 109285 and 473.
11
What is the greatest common factor of 25669 and 1007?
19
Calculate the highest common divisor of 39 and 65481.
39
What is the highest common factor of 52835 and 10?
5
What is the greatest common divisor of 1159 and 2242?
19
Calculate the highest common factor of 261 and 2898.
9
What is the highest common divisor of 1092 and 20514?
78
Calculate the greatest common factor of 203901 and 84.
3
Calculate the greatest common divisor of 1797882 and 3318.
474
Calculate the greatest common divisor of 33 and 59609.
11
Calculate the greatest common divisor of 174128 and 16.
16
Calculate the highest common factor of 4216 and 6426.
34
What is the highest common factor of 2352 and 40?
8
What is the highest common factor of 378830 and 31390?
430
What is the greatest common divisor of 315 and 4564?
7
What is the greatest common divisor of 24 and 1878372?
12
What is the highest common factor of 1071 and 6239?
17
Calculate the highest common factor of 1 and 4375.
1
What is the highest common factor of 328875 and 135?
15
What is the greatest common divisor of 5903 and 7?
1
What is the highest common factor of 3076 and 68?
4
Calculate the greatest common factor of 36 and 4598388.
36
What is the greatest common factor of 350 and 23205?
35
What is the greatest common factor of 9843 and 85?
17
Calculate the highest common divisor of 4744 and 1155757.
593
Calculate the greatest common divisor of 26825 and 135975.
925
Calculate the highest common divisor of 48 and 268428.
12
Calculate the greatest common factor of 33246 and 12.
6
Calculate the greatest common divisor of 2342 and 371207.
1171
Calculate the highest common divisor of 4544 and 10992.
16
What is the greatest common divisor of 144 and 20082096?
144
Calculate the greatest common divisor of 1033703 and 121.
121
Calculate the highest common factor of 56 and 45052.
28
What is the greatest common factor of 495 and 5415?
15
Calculate the highest common divisor of 27 and 325323.
27
What is the highest common factor of 59 and 161011?
59
What is the greatest common factor of 262769 and 5576?
697
Calculate the greatest common divisor of 6592 and 52118.
206
Calculate the greatest common divisor of 1823250 and 66.
66
Calculate the greatest common factor of 30058 and 2128.
266
What is the greatest common factor of 2959 and 165973?
269
Calculate the greatest common divisor of 313095 and 15.
15
What is the highest common divisor of 6 and 4476?
6
Calculate the highest common factor of 200502 and 135.
27
What is the greatest common divisor of 34626 and 174?
174
Calculate the greatest common factor of 273841 and 251.
251
Calculate the highest common factor of 169330 and 40.
10
What is the greatest common factor of 5774498 and 356?
178
Calculate the highest common divisor of 77944 and 128.
8
What is the highest common divisor of 1080 and 60240?
120
Calculate the greatest common divisor of 39 and 4659.
3
What is the greatest common factor of 66594 and 99?
33
What is the greatest common divisor of 384 and 6?
6
What is the greatest common divisor of 6199 and 3?
1
What is the highest common divisor of 388 and 781238?
194
Calculate the highest common divisor of 65 and 23959.
13
What is the highest common factor of 1284 and 2196?
12
What is the highest common factor of 1805 and 215935?
95
Calculate the greatest common divisor of 256 and 252928.
256
Calculate the greatest common divisor of 3614660 and 140.
140
Calculate the greatest common divisor of 14 and 539938.
14
Calculate the highest common factor of 9559 and 1573.
121
Calculate the greatest common factor of 731 and 574781.
43
Calculate the greatest common divisor of 261 and 40223.
29
What is the greatest common divisor of 1483712 and 239?
239
Calculate the greatest common factor of 568592 and 48.
16
What is the highest common factor of 244011 and 2934?
489
Calculate the highest common factor of 211666 and 182.
182
What is the highest common factor of 62820 and 500?
20
What is the highest common divisor of 7072 and 612?
68
Calculate the greatest common divisor of 21 and 8798727.
21
What is the highest common divisor of 1118442 and 286?
26
What is the highest common factor of 560139 and 171?
57
What is the greatest common divisor of 1652 and 59?
59
What is the highest common divisor of 79035 and 66?
33
What is the greatest common factor of 28 and 259?
7
What is the greatest common divisor of 8136 and 956?
4
What is the highest common factor of 19986 and 432?
6
Calculate the highest common factor of 1725 and 415725.
1725
Calculate the greatest common divisor of 5798 and 182.
26
What is the greatest common factor of 7512 and 1032?
24
What is the highest common factor of 16953 and 33?
3
Calculate the greatest common factor of 5154 and 198.
6
Calculate the greatest common divisor of 444 and 6936.
12
Calculate the highest common factor of 245 and 8925.
35
What is the greatest common divisor of 1575 and 1722?
21
Calculate the highest common divisor of 11275 and 45.
5
Calculate the greatest common factor of 9 and 24019.
1
Calculate the greatest common factor of 13 and 1038427.
13
Calculate the greatest common factor of 360 and 137290.
10
What is the highest common divisor of 6534 and 162?
54
Calculate the highest common divisor of 1974 and 1236382.
658
What is the greatest common divisor of 1535112 and 3090?
618
What is the greatest common factor of 7676 and 115368?
76
What is the greatest common divisor of 68 and 32810?
34
What is the greatest common factor of 713 and 24449?
23
Calculate the greatest common factor of 120 and 1856220.
60
What is the greatest common factor of 22589735 and 245?
245
What is the highest common factor of 1537 and 5428684?
1537
What is the highest common divisor of 190 and 29317?
19
Calculate the highest common divisor of 17850 and 1725.
75
Calculate the greatest common factor of 46637 and 5321.
313
What is the highest common factor of 39 and 3879512?
13
What is the greatest common divisor of 44538 and 117?
39
Calculate the greatest common divisor of 425 and 2669.
17
What is the greatest common divisor of 3406 and 1638?
26
Calculate the greatest common factor of 38 and 1054747.
19
What is the greatest common factor of 176 and 736?
16
What is the highest common factor of 12 and 947?
1
Calculate the greatest common factor of 4644 and 97782.
258
What is the highest common factor of 77 and 9835?
7
What is the highest common divisor of 50 and 558650?
50
Calculate the highest common divisor of 7746312 and 24.
24
Calculate the greatest common factor of 250 and 339875.
125
What is the highest common factor of 52 and 493818?
26
Calculate the greatest common divisor of 10 and 431060.
10
What is the greatest common divisor of 1752 and 7608?
24
Calculate the highest common divisor of 1401974 and 1676.
838
Calculate the highest common divisor of 11 and 1414919.
11
Calculate the greatest common factor of 69 and 669392.
23
What is the greatest common divisor of 1551 and 462?
33
Calculate the highest common factor of 1245 and 579755.
415
Calculate the highest common factor of 70875 and 8955.
45
Calculate the highest common factor of 66654 and 504.
126
What is the highest common factor of 8964 and 5748?
12
What is the greatest common factor of 8645 and 33845?
35
What is the greatest common factor of 2 and 17623?
1
What is the greatest common factor of 406 and 19178222?
406
What is the greatest common factor of 23 and 71783?
23
What is the highest common divisor of 1389 and 8797?
463
What is the highest common divisor of 47 and 315840?
47
Calculate the highest common divisor of 26288 and 9827.
31
Calculate the greatest common factor of 2974026 and 264.
66
Calculate the greatest common divisor of 567 and 20331.
81
Calculate the highest common divisor of 2229 and 96.
3
Calculate the greatest common factor of 1703 and 377.
13
Calculate the highest common divisor of 646311 and 291.
291
Calculate the highest common divisor of 74 and 415843.
37
What is the highest common factor of 20 and 220?
20
Calculate th